 = y - 3*h. What is q(y)?
-1
Let j(i) = i**2 + 7*i + 3. Let l(d) = 3*d + 3. Let t be l(5). Let w = 23 - t. Let h be 4/10*w*-3. Give j(h).
-3
Let m(k) = 4*k**3 + 4*k**2 - 2*k - 5. Let y(w) = 79*w**2 - 83*w**2 + w - w**3 + 4 - 2*w**3. Let t(v) = 4*m(v) + 5*y(v). Calculate t(5).
10
Let j(r) = r + 5 - 19155*r**2 - 2*r + 19154*r**2 + 0*r**3 + 2*r**3. Calculate j(0).
5
Let n(o) be the second derivative of -o**5/20 + 5*o**4/12 + 5*o**3/6 - 5*o**2 - 50*o - 1. Calculate n(5).
15
Let o(x) = -2 + 45*x + 0*x**3 - x**3 + 0*x**2 - 44*x + 7*x**2. Give o(7).
5
Let r be (-7)/2*(-14)/49. Let j = 6 + r. Let l(w) = -w + 14. Calculate l(j).
7
Let s be (-611)/(-5) + -1 + (-25)/125. Suppose s*h - 36 = 117*h. Let w(n) = -n**3 + 10*n**2 - 8*n - 11. Determine w(h).
-2
Let t(r) = -2*r - 1. Let d(c) = -8*c + 201. Let b be d(26). Calculate t(b).
13
Let d(b) = 3*b**2 + b. Let w(y) = -4*y**2 - 4*y - 6. Let h(u) = -2*d(u) - w(u). What is h(3)?
-6
Let j(f) = -13*f**3 - 34*f**2 - 32*f + 38. Let s(p) = -7*p**3 - 17*p**2 - 16*p + 20. Let t(h) = 6*j(h) - 11*s(h). What is t(-16)?
8
Let k(u) be the first derivative of -u**2/2 + u + 1. Let r(d) = d - 11. Let f be r(13). Suppose -4*s - f = 2. Give k(s).
2
Let h be (-6 + (-6 - -12))/(1 + -4). Let j(i) = i**3 + 3*i**2 + i + 20. Calculate j(h).
20
Let j = 73 + -46. Suppose -z - 4*z = 4*q + j, 0 = 5*z + 5*q + 25. Let i(u) = -u**3 - 6*u**2 + 6*u - 6. Give i(z).
1
Let r(s) be the third derivative of -s**6/360 - s**5/120 + s**4/24 - 29*s**3/3 - s**2 - 2. Let w(k) be the first derivative of r(k). What is w(3)?
-11
Let u(n) = n**2 - 16*n - 8. Let j = -34 + 51. Determine u(j).
9
Let r be 1/(5/(-10)) + 2. Suppose r*j - 30 = 5*j. Let q(w) = w - 7. What is q(j)?
-13
Suppose 18 = -5*y + t, -38 = -y + t - 36. Let f(w) = -5*w**2 + 3*w - 5. Let v(u) = -11*u**2 + 7*u - 10. Let x(b) = -9*f(b) + 4*v(b). Determine x(y).
25
Let l(p) be the second derivative of -p**5/20 - 2*p**4/3 - 7*p**3/6 - 3*p**2 - 114*p. Determine l(-7).
-6
Let v(f) = 22*f - 10*f - 6*f - 13 - 7*f. What is v(-20)?
7
Let t(z) be the second derivative of z**7/2520 - z**6/90 + 7*z**5/120 - 3*z**4/4 - 10*z. Let q(r) be the third derivative of t(r). Give q(7).
0
Let l(m) = -2*m - 2. Let s be l(3). Let y = -3 - s. Let c(z) = y*z - 5*z - z + 7*z**3 - 2*z**2. Calculate c(-1).
-8
Let h = 25 + -23. Let j(a) = 5*a**2 - 9*a**2 + 3*a**h + 3*a. Calculate j(5).
-10
Let s(v) = 3*v**2 + 2*v - 2. Let x(y) = -3*y**2 + 8*y - 7. Let j be x(1). Determine s(j).
6
Suppose 3 = o - 0*o. Let n(i) = -3*i**o - 5*i**2 + i**3 - 5*i - 2 + 3*i**3. Let z = -15 - -21. Calculate n(z).
4
Let h(o) be the third derivative of 5*o**2 + 5/24*o**4 - 1/6*o**3 + 0*o - 7/60*o**5 + 1/120*o**6 + 0. Let v be 12*(6/(-4) - -2). Give h(v).
-7
Suppose -3*v = -4*v + 25. Suppose -5*y - 2*q = -v + 9, -3*q - 6 = 0. Let a(b) = 1556*b - 1551*b - 1 - 5*b**2 + 4*b**2. Give a(y).
3
Let m(g) = -383 - g + 185 + 192. Determine m(5).
-11
Let z(c) = c**3 - 6*c**2 + c - 5. Let k be z(6). Let a(i) = 425 - 215 - 2*i**2 + i - 211. Calculate a(k).
-2
Let a(r) = -1. Let h(c) be the third derivative of -7/6*c**3 + 0 + 2*c**2 - 1/24*c**4 + 0*c. Let g(v) = 5*a(v) - h(v). Determine g(0).
2
Let j(o) = -o**2 + 10*o - 16. Let a be j(6). Let w(h) = h**3 - 9*h**2 + 11*h - 11. Calculate w(a).
13
Suppose 3*x = 30 - 15. Let j(r) = 2*r - 1. Let t(p) = -6*p + 3. Let o(g) = -17*j(g) - 6*t(g). What is o(x)?
9
Let a(i) = -i**3 + i + 2. Let k be a(-1). Suppose k*y = -4*h + 36, 3*y - h + 13 = 4*y. Let m(c) = c. Determine m(y).
8
Let q(y) = 2*y + 6. Let h(d) = 2*d + 3. Let u(t) = -4*h(t) + 5*q(t). Calculate u(-14).
-10
Let h = 276 + -279. Let x(j) = 6*j + 4. What is x(h)?
-14
Let u(w) = -6*w - 8. Let x(h) = 5*h + 7. Let s(d) = 4*u(d) + 5*x(d). Let n be (3*1)/((-51)/(-85)). Suppose -n*k + 2*a - 35 = 4*a, 2*a = 2*k. Give s(k).
-2
Let z(y) = 9*y - 5*y**2 + 2*y**2 + 32 - 26 + 2*y**2. Determine z(6).
24
Let h be 334/(-16) + (-13)/104. Let a = -19 - h. Let f(y) = -y - 1. Determine f(a).
-3
Let f(u) = -u**2 + u. Let q(i) = 6*i**2 - i - 4. Let k(h) = 5*f(h) + q(h). What is k(-5)?
1
Let i(l) = l**3 - 2*l**2 - 3*l**2 + 4*l**2 - 3 - 9*l + 8*l**2. Let k be i(-8). Let y(u) = -u + 4. What is y(k)?
-1
Let o be (2 - -1)*((-4)/6 + 0). Let i be (-3 - -3)/(1*o). Let r(j) = -j**3 + j**2 + j + 7. What is r(i)?
7
Suppose 0 = -3*u + 3*l, l - 14 = 3*u + 5*l. Let i(o) = o**3 + o + 1. Determine i(u).
-9
Let x(v) be the first derivative of -v**4/4 + v**3/3 - v - 173. What is x(1)?
-1
Let v(z) = -z + 16. Let o(u) = -1. Let j(d) = 6*o(d) + v(d). Suppose -5*t + 21 = -14. Calculate j(t).
3
Suppose 4*f - 8*y = -7*y + 16, 4*f = 4*y + 28. Let c(n) be the second derivative of 1/2*n**2 + 1/6*n**f + 3*n + 0. Give c(-5).
-4
Let h = -410 - -401. Let a(w) = w**2 + 12*w + 27. Determine a(h).
0
Let z(f) be the first derivative of 5*f**3/3 - f**2 + 4*f + 182. Give z(3).
43
Let b be (-10)/4*4/(-10). Let i(v) = -3*v - 2. Determine i(b).
-5
Let g(d) be the first derivative of -d**2/2 + 3*d - 11. Let m = 10 + -6. Suppose 2*i = -3*i - m*w + 8, -4*i = -2*w - 22. What is g(i)?
-1
Let w(x) = 35*x + 482. Let v be w(-14). Let f(r) = -2*r**3 - 17*r**2 - 8*r + 2. What is f(v)?
2
Let g be ((-24)/(-9))/(2/3). Let a(z) = 2*z - 2 + 3 + 1 - g*z**2 + z**3 + 0*z**2. Let f(h) = h**2 - 15*h - 14. Let q be f(16). Determine a(q).
-2
Suppose 3*l + 7*l = 0. Let h(p) = -p + l*p - 57 + 55 - 4*p. Determine h(-2).
8
Let a(u) be the second derivative of u**4/12 + 3*u**3/2 + 4*u**2 - 2*u + 306. Determine a(-4).
-12
Suppose -15*o = -13 + 88. Let n(z) = -z**3 - 5*z**2 - 2*z - 5. Give n(o).
5
Let m(u) be the first derivative of 1/3*u**3 + 5/2*u**2 + u + 13. Calculate m(-4).
-3
Let b(x) = x**2 - 16*x + 60. Let g be b(5). Let t(j) = 5*j**2 + 2*j - 1 - j**3 - j**2 + 3*j. Let z be t(g). Let a(s) = 8*s + 1. Calculate a(z).
-7
Let m(c) be the third derivative of c**4/24 + c**3/2 - 2*c**2. Suppose 10 = 24*w - 26*w. Give m(w).
-2
Let w(d) = d + 6. Suppose 8*g - 5 = 259. Suppose u + g = -3*u + 5*l, 3*u = 4*l - 25. Give w(u).
-1
Let x(r) = -12*r**2 - 2 + 23*r**2 - 3*r + 4*r**3 - 5*r**3 - 15*r**2 + 1. Determine x(-4).
11
Let b(a) = 2*a + 2. Let g be b(-1). Let z(n) be the first derivative of -1/4*n**4 + 3/2*n**2 + g*n**3 + 3*n + 3. Give z(-2).
5
Let k(c) be the second derivative of c**4/3 - c**2 - 148*c. Let n(h) = h**3 - 6*h**2 + 6*h - 7. Let p be n(5). What is k(p)?
14
Let b(u) = 7 - u - 3 + u**2 + 6*u. Let a(g) = g - 9. Let d be a(18). Suppose -3*p = 2*p + 4*n + 3, -p - 4*n + d = 0. Give b(p).
-2
Let x(n) be the first derivative of n**6/12 - n**5/60 + n**3/6 + 6*n**2 + 13. Let i(r) be the second derivative of x(r). Calculate i(1).
10
Suppose 13*x = 34 - 60. Let d(n) = -n. Let j(c) = 21*c**2 + 3*c + 3. Let b(q) = 18*d(q) + j(q). Let f(l) = l**2 - l. Let s(k) = b(k) - 18*f(k). Determine s(x).
9
Let j(x) be the third derivative of 1/3*x**3 + 1/12*x**4 - 20*x**2 - 1/30*x**5 + 0*x + 0. Determine j(2).
-2
Suppose -17 = 2*t - 5. Let i = 46 + -18. Let k(b) = -6*b - i - 26 - b**2 + 76 - 24. Calculate k(t).
-2
Let q(k) = 8*k - 5. Let s(l) be the first derivative of l**3/3 + l**2/2 - l + 9. Let b(v) = -q(v) + s(v). Calculate b(7).
4
Let v(p) be the first derivative of -p**2/2 + 9*p + 1. Suppose 4*l - q - 6 = 2, 4*q = 0. Let c be (1 + -3)*(-7)/l. Calculate v(c).
2
Let u be 4/((-40)/(-15) + -2). Let z(o) be the second derivative of -o**4/12 + o**3 - 4*o**2 + 7*o. Determine z(u).
-8
Let d(z) = -3*z - 2. Suppose 0 = -5*m + 20 - 25. Calculate d(m).
1
Let f(u) = 4*u - 5*u + 4*u - 4*u + 2. Let k be 2/(-12) + 9/(270/(-55)). What is f(k)?
4
Suppose -89 = -5*s - 29. Suppose 4*c + 2*r - s = 2*c, 0 = 4*c - 3*r + 4. Let o(x) = -7*x**2 + x**2 + 2*x + 1 + 5*x**c. What is o(3)?
-2
Let a be ((-4)/(-6))/2*-15. Suppose 4*w = 6*w. Let q(t) = -3*t + w + 4 + 4*t. Give q(a).
-1
Let o(c) be the first derivative of c**3/3 - c - 3. Suppose -t = -6*t - 10, -t - 8 = -2*h. Determine o(h).
8
Let g(x) = -x - 2. Suppose 0*p - 2*p - 110 = -4*s, 4*s - 128 = -4*p. Suppose 3*l = 2*c + 3, 4*c + 2*l - l = s. Give g(c).
-8
Let o(p) be the first derivative of p**4/6 - 3*p**3/2 - 11*p**2/2 - 28. Let l(x) be the second derivative of o(x). Calculate l(6).
15
Suppose 3*r + 2*r + 51 = -o, 0 = r + 4*o - 5. Let k(x) = -x**3 - 10*x**2 + 11*x + 4. What is k(r)?
4
Let f(s) = 2*s**3 + s + 1. Suppose 5*b - 100 = 10*b